ppose 5*i - 44745 = 2*v, -g = -4*i - 2*v + 7*v. Is i composite?
False
Suppose -4*d + 1106 = -x - d, x + 4*d + 1120 = 0. Let s be 10/(-25)*(0 + -5). Is (x/(-16))/(1/s) a prime number?
True
Let f be 84/15 + (-8)/(-20). Suppose r + f - 15 = 0. Suppose -11*j + r*j + 422 = 0. Is j a composite number?
False
Let m(r) = 10*r + 106. Let n be m(-12). Is (7/n)/(4/(-88216)) a composite number?
False
Suppose -q - 220 = -5*q. Let f be q/(-7) - 2/14. Is 2 + (-1684)/f - 6/4 a prime number?
True
Suppose k - 7*k = 0. Suppose -2*w - 745 - 277 = k. Let j = -18 - w. Is j a prime number?
False
Suppose -11*m + 1409708 = 23*m. Is m composite?
True
Is (754375/(-10) - (-9)/3)*(-64)/32 a prime number?
True
Suppose 0 = -6*j + 4*s + 2076686, 42*j - 1038353 = 39*j + 4*s. Is j a composite number?
False
Suppose 2*j = 16*b - 15*b + 163012, -5*j + b + 407539 = 0. Is j composite?
False
Let l = 180224 + -107507. Is l a composite number?
True
Suppose -3*q - 2*i = -123913, 2*i = 89*q - 93*q + 165212. Is q composite?
False
Suppose -53*r - 663089 = -5*x - 57*r, -530488 = -4*x + r. Is x composite?
True
Let b(l) = 56*l + 9. Let o(c) = 1. Let n(t) = -b(t) - 6*o(t). Let g(z) = 25*z**2 + 151*z + 1. Let j be g(-6). Is n(j) composite?
True
Suppose 0 = 329*i - 7513743 - 15742280. Is i a composite number?
False
Is -11*(7 - -1 - 465801/451) a composite number?
False
Let k(o) = o**2 + 18*o + 59. Let u be k(-14). Suppose -u*n = -3584 - 373. Is n a composite number?
False
Is ((-27966)/(-632))/((-96082)/240280 + 4/10) composite?
True
Suppose 32*w = 34*w - 8. Is 19009 - w/6*12 a composite number?
False
Let j = -170 - -239. Let i = j + -65. Is (2 + ((-70)/i)/7)*-1346 a composite number?
False
Let g(h) = h. Let p be g(3). Suppose 6458 = 4*t - p*o - 2*o, 4*o = t - 1620. Suppose -2*i - t = -6*i. Is i a prime number?
False
Suppose 4*g = 8 + 4. Is (3120/(-144))/((-1)/g) composite?
True
Suppose -147*i = -47551984 - 10825685. Is i a composite number?
False
Let a(c) = 13747*c**2 - 20*c + 57. Let g be a(7). Suppose 0 = 8*s - 48*s + g. Is s a composite number?
True
Is -81746*12/(-24) - 11 composite?
True
Is 420074/4*(7 - 6)*2 composite?
False
Let c(w) = 37*w**2 + 43*w - 229. Is c(-80) a prime number?
False
Let k(r) = -692*r**3 - 3*r**2 + 2*r + 4. Is k(-1) a prime number?
True
Let h = -329 + 281. Is (-2805)/(-4) + 12/h prime?
True
Let l = -113267 - -159466. Is l a prime number?
True
Suppose 145*x = -94*x - 23*x + 6002158. Is x a composite number?
True
Suppose -27*h + 23*h = 1356. Let p = 2474 - h. Is p composite?
True
Suppose -199*w = 136*w - 73421615. Is w a prime number?
True
Let r(u) = 5*u**3 - 6*u**2 + 5*u + 1. Suppose 0 = -a + v + 6, -2*v - v = -a + 6. Let h(d) = d**3 - d**2 + 1. Let g(t) = a*h(t) - r(t). Is g(6) a prime number?
True
Let f be 10/(-4)*((-54)/15 + 2). Suppose 14*k = f*k. Suppose k = 2*m - 975 - 563. Is m composite?
False
Let c be (-640)/1 - (24 + -6)/(-6). Let d = 659 + c. Is d a composite number?
True
Suppose -3417974 = 64*g - 3607820 - 11200042. Is g a composite number?
False
Let g be (-20)/(-6)*(-144)/(-120). Suppose -2*q - 2*q - 2*k + 3676 = 0, g*q + 3*k - 3678 = 0. Let u = 2719 - q. Is u composite?
False
Suppose -b = -13*l + 16*l - 14, 2*l = -5*b + 31. Suppose 2649 = -l*w - i + 8528, 3*w = -4*i + 5867. Is w a composite number?
True
Is ((-35797)/(-2))/(107/214) a prime number?
True
Suppose 14*t + 4*c = 10*t + 221852, -4*t - 3*c + 221858 = 0. Is t a prime number?
True
Let x(w) = w**3 + 10*w**2 - w - 10. Let p be x(-10). Suppose p = -37*m + 32*m + 270. Let o = 69 + m. Is o a composite number?
True
Let z = 140057 - 76104. Is z prime?
False
Let c = 86 + -77. Is (63/(-6))/(c/(-1422)) + -2 a composite number?
False
Suppose 54*a - 912139 - 1430975 = 0. Is a composite?
False
Suppose -100*r + 42915 = 5*u - 95*r, 3*r = 3*u - 25749. Let b(q) = -2*q + 1. Let v be b(-2). Suppose 1922 + u = v*y. Is y composite?
True
Let o(i) = 339*i - 54. Let r(w) = -112*w + 18. Let b(z) = -3*o(z) - 8*r(z). Is b(-3) a prime number?
False
Suppose -26482567 = -57*m + 45950012. Is m a composite number?
False
Suppose -267113 = -130*z + 119*z. Is z composite?
True
Let g(r) = 93*r + 124. Let y(l) = -1. Let j(w) = 139*w + 185. Let b(t) = -j(t) + y(t). Let x(a) = -5*b(a) - 8*g(a). Is x(-15) composite?
False
Let p(j) = -22*j - 24. Let b be p(-9). Suppose -b*o + 1641 = -171*o. Is o a prime number?
True
Suppose 1901*c = 1924*c - 6932361. Is c a composite number?
True
Suppose 101*n = 89*n + 24. Suppose -u - 5*q = -2819, 5*u - 14043 = n*q - q. Is u a prime number?
False
Suppose -2*d - 613 = 4*i - 20027, 3*d = 5*i - 24284. Is i a prime number?
False
Suppose -2*z + 20 = 12, -5*i - 5*z = 5. Let s(w) = 431*w + 2. Let b(k) = 862*k + 4. Let u(a) = -6*b(a) + 11*s(a). Is u(i) a prime number?
True
Let n be 11/33 - (-134)/3. Suppose -n*a = -33*a - 24636. Is a prime?
True
Let f = 1823 - 967. Suppose -3*y + 4*y = 2*n + 509, -5*y - 4*n = -2489. Let j = f - y. Is j prime?
False
Let l(o) = -2627*o - 3. Let d be l(-3). Let u = -2907 + d. Is u a composite number?
True
Let f(h) = 76*h**2 + 127*h + 222. Is f(33) composite?
True
Let a(r) be the first derivative of r**3/3 - 9*r**2/2 + 55*r + 100. Is a(-8) composite?
False
Suppose 0 = -10*h - 3*h + 423709. Let v = h + -16032. Is v a composite number?
False
Suppose 2*o - 43*n = -38*n + 218053, -109049 = -o - 5*n. Is o a prime number?
False
Let p(i) = -3*i - 10. Let u(o) = o**3 - 3*o**2 - 3*o + 5. Let b be u(3). Let j be p(b). Is (-7)/(((-494)/(-166) - 3)/j) prime?
False
Is 50/25*(-4 + 1) - -99955 composite?
True
Suppose -2*m - 8 = -4*u, -4*u - 4*m + 20 = -12. Suppose u + 56 = 5*t. Is 1*(-573)/t*-4 a composite number?
False
Suppose t + 0*t - 159 = 0. Suppose -4*j + 5*y + 26 = 0, 4*j - 4 = 3*y + 18. Suppose -j*k - t = -7*k. Is k a prime number?
True
Suppose -5667149 = -54*d + 924253. Is d prime?
False
Suppose f + 3 = 2*f. Suppose -f*u - 54 = -9*u. Suppose u*o - o - 19496 = 0. Is o composite?
False
Let p = -856 - -545. Let f = p + 825. Is f a composite number?
True
Suppose -3*x = o + 11, -3*x - 10 = 4*o - 2*o. Let j(c) = 701*c**2 - c + 1. Is j(o) prime?
True
Let o(d) = -19*d**3 + 4*d**2 + 13*d + 2. Let w be o(-3). Suppose 520*z - w*z = 61896. Is z prime?
False
Suppose 5*x - 4961894 = -3*v, 0 = -2*v + 156*x - 151*x + 3307921. Is v a prime number?
False
Suppose -3*u + 3*y + 294945 = 0, -u - 461*y + 465*y = -98327. Is u a composite number?
True
Let r = -185 - -329. Is (-2138)/(-18) + 32/r + 0 a composite number?
True
Let c(q) = 3*q - 19. Let l be c(11). Let s = -11 + l. Suppose s*o - 9 = 0, -h - o - 3*o + 94 = 0. Is h a prime number?
False
Suppose -4*s - 4*g = -g - 19429, 19464 = 4*s - 4*g. Is s composite?
False
Let d(z) = 308*z**2 + 211*z + 65. Is d(22) composite?
True
Let m(i) = 982*i - 27. Is m(25) prime?
False
Suppose -5*m - 25 = 0, -3*m = 2*v - 6*v + 3235. Suppose 3*o = v + 4049. Is o prime?
False
Let h = -306716 - -486613. Is h a composite number?
False
Let u be 4/(-22) - 88797/33. Let s = -1910 - u. Is s prime?
False
Let v(c) = 3*c**3 - 22*c**2 - 43*c - 15. Is v(31) composite?
False
Let u(w) = 1076*w**2 - 308*w - 13. Is u(15) a prime number?
True
Let x = -1119 + -3522. Let p = -1486 - x. Is p a composite number?
True
Suppose -x - 4*n = -73, 30 + 39 = x + 2*n. Let j(k) = k**3 - 16*k**2 - 16*k + 24. Let d be j(17). Let f = x + d. Is f composite?
True
Let k = 37470 + -35143. Is k a composite number?
True
Suppose 11*f - 9246 = 13*f + 4*b, 5*b = -4*f - 18486. Let p be 0 - 88*(-76 - 2). Let x = p + f. Is x a composite number?
True
Suppose -2*o + 109451 = -3*v, -2*o = 3*o + 5*v - 273640. Suppose -13*m = -o + 17066. Is m composite?
False
Suppose 5*y + 2975 - 18115 = 0. Suppose -1508 = -h + z, 2*z = -2*h - 0*z + y. Is h composite?
False
Let k = -1749 + -190. Let m = k + 3786. Is m a composite number?
False
Suppose 0 = 14*a - 5 - 51. Let b(d) = -d**3 + d**2 + d + 7. Let z be b(0). Suppose -4*v = -3*r + 91, z = r - a*v - 10. Is r a prime number?
True
Let q(b) = -1211*b + 109. Let r(t) = -3633*t + 330. Let l(j) = -17*q(j) + 6*r(j). Is l(-4) a composite number?
True
Suppose 309*f - 325*f = -32. Suppose 17*a - 12*a - 285861 = t, -2*a = -f*t - 114338. Is a prime?
True
Let i = -944954 + 1626007. Is i a prime number?
False
Let t(x) = -2*x**2 + 171*x - 10. Let g be t(51). Let i = g + 2478. Is i prime?
True
Let m(